{"id":650,"date":"2024-02-16T14:19:50","date_gmt":"2024-02-16T13:19:50","guid":{"rendered":"https:\/\/www.laspilka.cz\/?page_id=650"},"modified":"2024-02-16T14:50:07","modified_gmt":"2024-02-16T13:50:07","slug":"__trashed","status":"publish","type":"page","link":"https:\/\/www.laspilka.cz\/?page_id=650","title":{"rendered":"Blog"},"content":{"rendered":"\t\t<div data-elementor-type=\"wp-page\" data-elementor-id=\"650\" class=\"elementor elementor-650\">\n\t\t\t\t<div class=\"elementor-element elementor-element-f707d56 e-flex e-con-boxed e-con e-parent\" data-id=\"f707d56\" data-element_type=\"container\" data-e-type=\"container\">\n\t\t\t\t\t<div class=\"e-con-inner\">\n\t\t\t\t<div class=\"elementor-element elementor-element-2d9e8ef elementor-widget elementor-widget-heading\" data-id=\"2d9e8ef\" data-element_type=\"widget\" data-e-type=\"widget\" data-widget_type=\"heading.default\">\n\t\t\t\t<div class=\"elementor-widget-container\">\n\t\t\t\t\t<h2 class=\"elementor-heading-title elementor-size-default\">Blog<\/h2>\t\t\t\t<\/div>\n\t\t\t\t<\/div>\n\t\t\t\t\t<\/div>\n\t\t\t\t<\/div>\n\t\t<div class=\"elementor-element elementor-element-fa2e29a e-flex e-con-boxed e-con e-parent\" data-id=\"fa2e29a\" data-element_type=\"container\" data-e-type=\"container\">\n\t\t\t\t\t<div class=\"e-con-inner\">\n\t\t\t\t<div class=\"elementor-element elementor-element-46a3f55 elementor-widget elementor-widget-shortcode\" data-id=\"46a3f55\" data-element_type=\"widget\" data-e-type=\"widget\" data-widget_type=\"shortcode.default\">\n\t\t\t\t<div class=\"elementor-widget-container\">\n\t\t\t\t\t\t\t<div class=\"elementor-shortcode\"><ul class=\"display-posts-listing\"><li class=\"listing-item\"><a class=\"image\" href=\"https:\/\/www.laspilka.cz\/?p=113\"><img decoding=\"async\" width=\"150\" height=\"150\" src=\"https:\/\/www.laspilka.cz\/wp-content\/uploads\/2023\/10\/digipack-150x150.jpg\" class=\"attachment-thumbnail size-thumbnail wp-post-image\" alt=\"\" srcset=\"https:\/\/www.laspilka.cz\/wp-content\/uploads\/2023\/10\/digipack-150x150.jpg 150w, https:\/\/www.laspilka.cz\/wp-content\/uploads\/2023\/10\/digipack-300x300.jpg 300w, https:\/\/www.laspilka.cz\/wp-content\/uploads\/2023\/10\/digipack.jpg 526w\" sizes=\"(max-width: 150px) 100vw, 150px\" \/><\/a> <a class=\"title\" href=\"https:\/\/www.laspilka.cz\/?p=113\">Dal\u0161\u00ed v\u00e1rka digipack\u016f je tady<\/a> <span class=\"excerpt-dash\">-<\/span> <span class=\"excerpt\">Dal\u0161\u00ed v\u00e1rka digipack\u016f dorazila, tak\u017ee pokud si na n\u011bj brous\u00edte zuby, tady m\u00e1te odkaz pro objedn\u00e1n\u00ed:https:\/\/qrticket.cz\/produkt\/laspilka-zvesela\/D\u011bkujeme za kr\u00e1sn\u00e9 krabi\u010dky a ru\u010dn\u00ed balen\u00ed na\u0161\u00ed kamar\u00e1dce St\u00e1n\u011b<\/span><\/li><\/ul><\/div>\n\t\t\t\t\t\t<\/div>\n\t\t\t\t<\/div>\n\t\t\t\t\t<\/div>\n\t\t\t\t<\/div>\n\t\t\t\t<\/div>\n\t\t","protected":false},"excerpt":{"rendered":"<p>Blog<\/p>\n","protected":false},"author":1,"featured_media":0,"parent":0,"menu_order":0,"comment_status":"closed","ping_status":"closed","template":"page-templates\/template-pagebuilder-full-width.php","meta":{"neve_meta_sidebar":"","neve_meta_container":"","neve_meta_enable_content_width":"","neve_meta_content_width":0,"neve_meta_title_alignment":"","neve_meta_author_avatar":"","neve_post_elements_order":"","neve_meta_disable_header":"","neve_meta_disable_footer":"","neve_meta_disable_title":"","ngg_post_thumbnail":0,"footnotes":""},"class_list":["post-650","page","type-page","status-publish","hentry"],"_links":{"self":[{"href":"https:\/\/www.laspilka.cz\/index.php?rest_route=\/wp\/v2\/pages\/650","targetHints":{"allow":["GET"]}}],"collection":[{"href":"https:\/\/www.laspilka.cz\/index.php?rest_route=\/wp\/v2\/pages"}],"about":[{"href":"https:\/\/www.laspilka.cz\/index.php?rest_route=\/wp\/v2\/types\/page"}],"author":[{"embeddable":true,"href":"https:\/\/www.laspilka.cz\/index.php?rest_route=\/wp\/v2\/users\/1"}],"replies":[{"embeddable":true,"href":"https:\/\/www.laspilka.cz\/index.php?rest_route=%2Fwp%2Fv2%2Fcomments&post=650"}],"version-history":[{"count":7,"href":"https:\/\/www.laspilka.cz\/index.php?rest_route=\/wp\/v2\/pages\/650\/revisions"}],"predecessor-version":[{"id":676,"href":"https:\/\/www.laspilka.cz\/index.php?rest_route=\/wp\/v2\/pages\/650\/revisions\/676"}],"wp:attachment":[{"href":"https:\/\/www.laspilka.cz\/index.php?rest_route=%2Fwp%2Fv2%2Fmedia&parent=650"}],"curies":[{"name":"wp","href":"https:\/\/api.w.org\/{rel}","templated":true}]}}